{"id":743,"date":"2020-04-22T11:05:11","date_gmt":"2020-04-22T11:05:11","guid":{"rendered":"http:\/\/www.toolkit-thefeedback.eu\/?post_type=activity&#038;p=743"},"modified":"2020-09-28T11:26:58","modified_gmt":"2020-09-28T11:26:58","slug":"who-knows","status":"publish","type":"activity","link":"http:\/\/www.toolkit-thefeedback.eu\/sl\/activity\/who-knows\/","title":{"rendered":"Kdo ve?"},"content":{"rendered":"\n<div class=\"wp-block-columns has-2-columns activity-divider is-layout-flex wp-container-core-columns-is-layout-9d6595d7 wp-block-columns-is-layout-flex\">\n<div class=\"wp-block-column is-layout-flow wp-block-column-is-layout-flow\">\n<figure class=\"wp-block-image\"><img loading=\"lazy\" decoding=\"async\" width=\"39\" height=\"36\" src=\"http:\/\/www.toolkit-thefeedback.eu\/wp-content\/uploads\/small_tools.png\" alt=\"\" class=\"wp-image-309\"\/><\/figure>\n<\/div>\n\n\n\n<div class=\"wp-block-column is-layout-flow wp-block-column-is-layout-flow\">\n<h2 class=\"wp-block-heading\"> Potreb\u0161\u010dine <\/h2>\n\n\n\n<ul class=\"wp-block-list\"><li>slika<\/li><li>listi belega papirja<\/li><li>pisala<\/li><\/ul>\n\n\n\n<p><\/p>\n<\/div>\n<\/div>\n\n\n\n<div class=\"wp-block-columns has-2-columns activity-divider is-layout-flex wp-container-core-columns-is-layout-9d6595d7 wp-block-columns-is-layout-flex\">\n<div class=\"wp-block-column is-layout-flow wp-block-column-is-layout-flow\">\n<figure class=\"wp-block-image\"><img loading=\"lazy\" decoding=\"async\" width=\"35\" height=\"34\" src=\"http:\/\/www.toolkit-thefeedback.eu\/wp-content\/uploads\/small_steps.png\" alt=\"\" class=\"wp-image-310\"\/><\/figure>\n<\/div>\n\n\n\n<div class=\"wp-block-column is-layout-flow wp-block-column-is-layout-flow\">\n<h2 class=\"wp-block-heading\">Koraki<\/h2>\n\n\n\n<ul class=\"wp-block-list\" type=\"1\"><li>Moderator za\u010dne aktivnost tako, da udele\u017eencem poka\u017ee sliko. Sliko lahko predstavi tako, da razlo\u017ei: \u201c Mlada \u017eenska ne more dojeti, kaj se dogaja. Z roko si pokriva usta. Osupla ne more govoriti. Kdo ve, kaj se dogaja?\u201d<\/li><li>Moderator predstavi aktivnost in poudari, da je namen dejavnosti podajanje natan\u010dnih sporo\u010dil, povezanih z u\u010denjem in napredkom.<\/li><li>Moderator nato z \u017erebom razdeli udele\u017eence v skupine po \u0161tiri. Skupino oblikujejo \u0161tirje udele\u017eenci, ki so iz\u017erebali isto \u0161tevilko.<\/li><li>Moderator razlo\u017ei udele\u017eencem, da morajo v roku desetih minut razmisliti o mo\u017enih odgovorih na vpra\u0161anje: &#8220;Kdo ve, kaj se dogaja?&#8221; Vsak udele\u017eenec mora o mo\u017enih odgovorih najprej razmisliti individualno, nato pa svoj(e) odgovor(e) predstaviti ostalim \u010dlanom skupine. \u010clani posami\u010dne skupine izberejo odgovor, ki po njihovem mnenju najbolje ustreza zastavljenemu vpra\u0161anju.<\/li><li>Po desetih minutah moderator pozove skupine, naj predstavijo svoje odgovore.<\/li><li>Moderator nato poka\u017ee udele\u017eencem video posnetek, ki vsebuje uvodno sliko aktivnosti.<ul><li>Video posnetek je na voljo na <a rel=\"noreferrer noopener\" href=\"https:\/\/www.youtube.com\/watch?v=6-sCIf57DKY\" target=\"_blank\">tej povezavi<\/a> <\/li><\/ul><\/li><li>Moderator naj ob koncu aktivnosti dovolj \u010dasa nameni temu, da povzame namen aktivnosti in omogo\u010di tudi udele\u017eencem, da izrazijo svoja mnenja o izvedeni aktivnosti.<\/li><\/ul>\n\n\n\n<p><\/p>\n<\/div>\n<\/div>\n\n\n\n<div class=\"wp-block-columns has-2-columns activity-divider is-layout-flex wp-container-core-columns-is-layout-9d6595d7 wp-block-columns-is-layout-flex\">\n<div class=\"wp-block-column is-layout-flow wp-block-column-is-layout-flow\">\n<figure class=\"wp-block-image\"><img loading=\"lazy\" decoding=\"async\" width=\"33\" height=\"40\" src=\"http:\/\/www.toolkit-thefeedback.eu\/wp-content\/uploads\/small_tips.png\" alt=\"\" class=\"wp-image-308\"\/><\/figure>\n<\/div>\n\n\n\n<div class=\"wp-block-column is-layout-flow wp-block-column-is-layout-flow\">\n<h2 class=\"wp-block-heading\">Nasveti<\/h2>\n\n\n\n<ul class=\"wp-block-list\"><li>Aktivnost lahko izvedemo tudi kot delo v parih, in sicer tako, da vsak udele\u017eenec v vlogi mlade \u017eenske na sliki&nbsp; sogovorniku v paru zastavi vpra\u0161anje:\u201d\u2026(ime sogovornika), kaj se dogaja?\u201d. Odgovor mora biti povezan s sogovornikovimi u\u010dnimi ali delovnimi dose\u017eki.&nbsp;<\/li><\/ul>\n<\/div>\n<\/div>\n\n\n\n<h3 class=\"wp-block-heading\">Viri<\/h3>\n\n\n\n<p>Ustvarili u\u010ditelji iz Slovenije &#8211; Barbara Eisenzopf and Nata\u0161a Sever<\/p>\n\n\n\n<figure class=\"wp-block-image\"><a href=\"http:\/\/creativecommons.org\/licenses\/by\/4.0\/\"><img decoding=\"async\" src=\"https:\/\/i.creativecommons.org\/l\/by\/4.0\/88x31.png\" alt=\"Creative Commons License\"\/><\/a><\/figure>\n\n\n\n<p>To delo je za\u0161\u010diteno preko <a href=\"http:\/\/creativecommons.org\/licenses\/by\/4.0\/\">Creative Commons Attribution 4.0 International License<\/a>.<\/p>\n","protected":false},"excerpt":{"rendered":"<p>Razmislek o pomenu pristranskosti in razli\u010dnih stali\u0161\u010d je lahko pomemben na\u010din za za\u010detek posredovanja povratnih informacij.<\/p>\n","protected":false},"author":5,"featured_media":755,"template":"","aim":[11,10],"timing":[21],"size":[18,17],"class_list":["post-743","activity","type-activity","status-publish","has-post-thumbnail","hentry","aim-inspiration","aim-sustainability","timing-21","size-group","size-pair"],"translation":{"provider":"WPGlobus","version":"3.0.2","language":"sl","enabled_languages":["en","it","sl","pt"],"languages":{"en":{"title":true,"content":true,"excerpt":true},"it":{"title":true,"content":true,"excerpt":true},"sl":{"title":true,"content":true,"excerpt":true},"pt":{"title":true,"content":true,"excerpt":true}}},"_links":{"self":[{"href":"http:\/\/www.toolkit-thefeedback.eu\/sl\/wp-json\/wp\/v2\/activity\/743","targetHints":{"allow":["GET"]}}],"collection":[{"href":"http:\/\/www.toolkit-thefeedback.eu\/sl\/wp-json\/wp\/v2\/activity"}],"about":[{"href":"http:\/\/www.toolkit-thefeedback.eu\/sl\/wp-json\/wp\/v2\/types\/activity"}],"author":[{"embeddable":true,"href":"http:\/\/www.toolkit-thefeedback.eu\/sl\/wp-json\/wp\/v2\/users\/5"}],"wp:featuredmedia":[{"embeddable":true,"href":"http:\/\/www.toolkit-thefeedback.eu\/sl\/wp-json\/wp\/v2\/media\/755"}],"wp:attachment":[{"href":"http:\/\/www.toolkit-thefeedback.eu\/sl\/wp-json\/wp\/v2\/media?parent=743"}],"wp:term":[{"taxonomy":"aim","embeddable":true,"href":"http:\/\/www.toolkit-thefeedback.eu\/sl\/wp-json\/wp\/v2\/aim?post=743"},{"taxonomy":"timing","embeddable":true,"href":"http:\/\/www.toolkit-thefeedback.eu\/sl\/wp-json\/wp\/v2\/timing?post=743"},{"taxonomy":"size","embeddable":true,"href":"http:\/\/www.toolkit-thefeedback.eu\/sl\/wp-json\/wp\/v2\/size?post=743"}],"curies":[{"name":"wp","href":"https:\/\/api.w.org\/{rel}","templated":true}]}}

<div class="wp-block-columns has-2-columns activity-divider is-layout-flex wp-container-core-columns-is-layout-9d6595d7 wp-block-columns-is-layout-flex">
<div class="wp-block-column is-layout-flow wp-block-column-is-layout-flow">
<figure class="wp-block-image"><img loading="lazy" decoding="async" width="39" height="36" src="http://www.toolkit-thefeedback.eu/wp-content/uploads/small_tools.png" alt="" class="wp-image-309"/></figure>
</div>



<div class="wp-block-column is-layout-flow wp-block-column-is-layout-flow">
<h2 class="wp-block-heading"> Potrebščine </h2>



<ul class="wp-block-list"><li>slika</li><li>listi belega papirja</li><li>pisala</li></ul>



<p></p>
</div>
</div>



<div class="wp-block-columns has-2-columns activity-divider is-layout-flex wp-container-core-columns-is-layout-9d6595d7 wp-block-columns-is-layout-flex">
<div class="wp-block-column is-layout-flow wp-block-column-is-layout-flow">
<figure class="wp-block-image"><img loading="lazy" decoding="async" width="35" height="34" src="http://www.toolkit-thefeedback.eu/wp-content/uploads/small_steps.png" alt="" class="wp-image-310"/></figure>
</div>



<div class="wp-block-column is-layout-flow wp-block-column-is-layout-flow">
<h2 class="wp-block-heading">Koraki</h2>



<ul class="wp-block-list" type="1"><li>Moderator začne aktivnost tako, da udeležencem pokaže sliko. Sliko lahko predstavi tako, da razloži: “ Mlada ženska ne more dojeti, kaj se dogaja. Z roko si pokriva usta. Osupla ne more govoriti. Kdo ve, kaj se dogaja?”</li><li>Moderator predstavi aktivnost in poudari, da je namen dejavnosti podajanje natančnih sporočil, povezanih z učenjem in napredkom.</li><li>Moderator nato z žrebom razdeli udeležence v skupine po štiri. Skupino oblikujejo štirje udeleženci, ki so izžrebali isto številko.</li><li>Moderator razloži udeležencem, da morajo v roku desetih minut razmisliti o možnih odgovorih na vprašanje: &#8220;Kdo ve, kaj se dogaja?&#8221; Vsak udeleženec mora o možnih odgovorih najprej razmisliti individualno, nato pa svoj(e) odgovor(e) predstaviti ostalim članom skupine. Člani posamične skupine izberejo odgovor, ki po njihovem mnenju najbolje ustreza zastavljenemu vprašanju.</li><li>Po desetih minutah moderator pozove skupine, naj predstavijo svoje odgovore.</li><li>Moderator nato pokaže udeležencem video posnetek, ki vsebuje uvodno sliko aktivnosti.<ul><li>Video posnetek je na voljo na <a rel="noreferrer noopener" href="https://www.youtube.com/watch?v=6-sCIf57DKY" target="_blank">tej povezavi</a> </li></ul></li><li>Moderator naj ob koncu aktivnosti dovolj časa nameni temu, da povzame namen aktivnosti in omogoči tudi udeležencem, da izrazijo svoja mnenja o izvedeni aktivnosti.</li></ul>



<p></p>
</div>
</div>



<div class="wp-block-columns has-2-columns activity-divider is-layout-flex wp-container-core-columns-is-layout-9d6595d7 wp-block-columns-is-layout-flex">
<div class="wp-block-column is-layout-flow wp-block-column-is-layout-flow">
<figure class="wp-block-image"><img loading="lazy" decoding="async" width="33" height="40" src="http://www.toolkit-thefeedback.eu/wp-content/uploads/small_tips.png" alt="" class="wp-image-308"/></figure>
</div>



<div class="wp-block-column is-layout-flow wp-block-column-is-layout-flow">
<h2 class="wp-block-heading">Nasveti</h2>



<ul class="wp-block-list"><li>Aktivnost lahko izvedemo tudi kot delo v parih, in sicer tako, da vsak udeleženec v vlogi mlade ženske na sliki&nbsp; sogovorniku v paru zastavi vprašanje:”…(ime sogovornika), kaj se dogaja?”. Odgovor mora biti povezan s sogovornikovimi učnimi ali delovnimi dosežki.&nbsp;</li></ul>
</div>
</div>



<h3 class="wp-block-heading">Viri</h3>



<p>Ustvarili učitelji iz Slovenije &#8211; Barbara Eisenzopf and Nataša Sever</p>



<figure class="wp-block-image"><a href="http://creativecommons.org/licenses/by/4.0/"><img decoding="async" src="https://i.creativecommons.org/l/by/4.0/88x31.png" alt="Creative Commons License"/></a></figure>



<p>To delo je zaščiteno preko <a href="http://creativecommons.org/licenses/by/4.0/">Creative Commons Attribution 4.0 International License</a>.</p>

<p>Razmislek o pomenu pristranskosti in različnih stališč je lahko pomemben način za začetek posredovanja povratnih informacij.</p>
